{"id":22953,"date":"2021-06-03T12:02:14","date_gmt":"2021-06-03T10:02:14","guid":{"rendered":"https:\/\/www.uino.gov.ba\/?page_id=22953"},"modified":"2022-01-28T09:15:33","modified_gmt":"2022-01-28T08:15:33","slug":"korisni-linkovi-2","status":"publish","type":"page","link":"https:\/\/www.uino.gov.ba\/portal\/hr\/korisni-linkovi-2\/","title":{"rendered":"Korisni linkovi"},"content":{"rendered":"<p>Dr\u017eavne institucije<\/p>\n<p><a href=\"http:\/\/www.predsjednistvobih.ba\/\" target=\"_blank\" rel=\"noopener\"> Predsjedni\u0161tvo BiH<\/a><br \/>\n<a href=\"http:\/\/www.parlament.ba\/\" target=\"_blank\" rel=\"noopener\"> Parlamentarna skup\u0161tina BiH<\/a><br \/>\n<a href=\"http:\/\/www.vijeceministara.gov.ba\/\" target=\"_blank\" rel=\"noopener\"> Vije\u0107e ministara BiH<\/a><br \/>\n<a href=\"http:\/\/www.mvp.gov.ba\/\" target=\"_blank\" rel=\"noopener\"> Ministarstvo vanjskih poslova BiH<\/a><br \/>\n<a href=\"http:\/\/www.mpr.gov.ba\/\" target=\"_blank\" rel=\"noopener\"> Ministarstvo pravde BiH<\/a><br \/>\n<a href=\"http:\/\/www.mvteo.gov.ba\/\" target=\"_blank\" rel=\"noopener\"> Ministartvo vanjske trgovine i ekonomskih odnosa BiH<\/a><br \/>\n<a href=\"http:\/\/www.trezorbih.gov.ba\/\" target=\"_blank\" rel=\"noopener\"> Ministarstvo finansija i trezora BiH<\/a><br \/>\n<a href=\"http:\/\/www.cbbh.ba\/\" target=\"_blank\" rel=\"noopener\"> Centralna banka BiH<\/a><br \/>\n<a href=\"http:\/\/www.ccbh.ba\/\" target=\"_blank\" rel=\"noopener\"> Ustavni sud BiH<\/a><br \/>\n<a href=\"http:\/\/www.hjpc.ba\/\" target=\"_blank\" rel=\"noopener\"> Visoko sudsko i tu\u017eila\u010dko vije\u0107e BiH (VSTV)<\/a><br \/>\n<a href=\"http:\/\/www.hrc.ba\/\" target=\"_blank\" rel=\"noopener\"> Komisija za ljudska prava BiH<\/a><br \/>\n<a href=\"http:\/\/www.ads.gov.ba\/\" target=\"_blank\" rel=\"noopener\"> Agencija za dr\u017eavnu slu\u017ebu BiH <\/a><br \/>\n<a href=\"http:\/\/www.bhas.ba\/\" target=\"_blank\" rel=\"noopener\"> Agencija za statistiku BiH<\/a><br \/>\n<a href=\"http:\/\/www.fipa.gov.ba\/\" target=\"_blank\" rel=\"noopener\"> Agencija za promociju stranih ulaganja BiH (FIPA)<\/a><br \/>\n<a href=\"http:\/\/www.dei.gov.ba\/\" target=\"_blank\" rel=\"noopener\"> Direkcija za evropske integracije BiH<\/a><br \/>\n<a href=\"http:\/\/www.revizija.gov.ba\/\" target=\"_blank\" rel=\"noopener\"> Ured za reviziju finansijskog poslovanja institucija BiH<\/a><br \/>\n<a href=\"http:\/\/www.adresar.ads.gov.ba\/\" target=\"_blank\" rel=\"noopener\"> Adresar institucija u BiH<\/a><\/p>\n<p>Entitetske institucije<\/p>\n<p><a href=\"http:\/\/www.fbihvlada.gov.ba\/\" target=\"_blank\" rel=\"noopener\"> Vlada Federacije BiH<\/a><br \/>\n<a href=\"http:\/\/www.vladars.net\/\" target=\"_blank\" rel=\"noopener\"> Vlada Republike Srpske<\/a><br \/>\n<a href=\"http:\/\/www.bdcentral.net\/\" target=\"_blank\" rel=\"noopener\"> Vlada Br\u010dko distrikta<\/a><br \/>\n<a href=\"http:\/\/www.fmf.gov.ba\/\" target=\"_blank\" rel=\"noopener\"> Federalno ministarstvo finansija<\/a><br \/>\n<a href=\"http:\/\/www.vladars.net\/lt\/min\/mf.html\" target=\"_blank\" rel=\"noopener\">Ministarstvo finansija RS<\/a><br \/>\n<a href=\"http:\/\/www.kfbih.com\/\" target=\"_blank\" rel=\"noopener\"> Privredna komora Federacije BiH <\/a><br \/>\n<a href=\"http:\/\/www.komorars.ba\/\" target=\"_blank\" rel=\"noopener\"> Privredna komora Republike Srpske<\/a><\/p>\n<p>Me\u0111unarodne organizacije i agencije<\/p>\n<p><a href=\"http:\/\/www.ohr.int\" target=\"_blank\" rel=\"noopener\"> Ured Visokog predstavnika<\/a><br \/>\n<a href=\"http:\/\/www.oscebih.org\" target=\"_blank\" rel=\"noopener\"> Organizacija za evropsku sigurnost i saradnju (OSCE)<\/a><br \/>\n<a href=\"http:\/\/www.europa.eu.int\" target=\"_blank\" rel=\"noopener\"> Evropska unija (EU) <\/a><br \/>\n<a href=\"http:\/\/www.coe.int\" target=\"_blank\" rel=\"noopener\"> Vije\u0107e Evrope <\/a><br \/>\n<a href=\"http:\/\/www.worldbank.org\" target=\"_blank\" rel=\"noopener\"> Svjetska banka (WB) <\/a><br \/>\n<a href=\"http:\/\/www.imf.org\" target=\"_blank\" rel=\"noopener\"> Me\u0111unarodni monetarni fond (IMF) <\/a><br \/>\n<a href=\"http:\/\/www.worldbank.ba\/\" target=\"_blank\" rel=\"noopener\">Misija Svjetske banke u Bosni i Hercegovini<\/a><br \/>\n<a href=\"http:\/\/www.asycuda.org\/\" target=\"_blank\" rel=\"noopener\">Asycuda<\/a><\/p>\n<p>Me\u0111unarodne carinske administracije<\/p>\n<p><a href=\"http:\/\/www.bmf.gv.at\/\" target=\"_blank\" rel=\"noopener\"><img loading=\"lazy\" decoding=\"async\" src=\"\/uino\/flags\/Austria.gif\" alt=\"Austrija\" width=\"19\" height=\"13\" border=\"0\" \/> Austrija<\/a><br \/>\n<a href=\"http:\/\/www.fiscus.fgov.be\/\" target=\"_blank\" rel=\"noopener\"><img loading=\"lazy\" decoding=\"async\" src=\"\/uino\/flags\/Belgium.gif\" alt=\"Belgija\" width=\"19\" height=\"13\" border=\"0\" \/> Belgija<\/a><br \/>\n<a href=\"http:\/\/www.minfin.government.bg\/\" target=\"_blank\" rel=\"noopener\"><img loading=\"lazy\" decoding=\"async\" src=\"\/uino\/flags\/Bulgaria.gif\" alt=\"Bugarska\" width=\"19\" height=\"13\" border=\"0\" \/> Bugarska<\/a><br \/>\n<a href=\"http:\/\/www.upravacarina.vlada.cg.yu\/\" target=\"_blank\" rel=\"noopener\"><img loading=\"lazy\" decoding=\"async\" src=\"\/uino\/flags\/Montenegro.gif\" alt=\"Crna Gora\" width=\"19\" height=\"13\" border=\"0\" \/> Crna Gora<\/a><br \/>\n<a href=\"http:\/\/www.cs.mfcr.cz\/\" target=\"_blank\" rel=\"noopener\"><img loading=\"lazy\" decoding=\"async\" src=\"\/uino\/flags\/CzechRepublic.gif\" alt=\"\u010ce\u0161ka Repubilka\" width=\"19\" height=\"13\" border=\"0\" \/> \u010ce\u0161ka Republika<\/a><br \/>\n<a href=\"http:\/\/www.skat.dk\/\" target=\"_blank\" rel=\"noopener\"><img loading=\"lazy\" decoding=\"async\" src=\"\/uino\/flags\/Denmark.gif\" alt=\"Danska\" width=\"19\" height=\"13\" border=\"0\" \/> Danska<\/a><br \/>\n<a href=\"http:\/\/www.tulli.fi\/en\/index.jsp?language=en\" target=\"_blank\" rel=\"noopener\"><img loading=\"lazy\" decoding=\"async\" src=\"\/uino\/flags\/Finland.gif\" alt=\"Finska\" width=\"19\" height=\"13\" border=\"0\" \/> Finska<\/a><br \/>\n<a href=\"http:\/\/www.douane.gouv.fr\/\" target=\"_blank\" rel=\"noopener\"><img loading=\"lazy\" decoding=\"async\" src=\"\/uino\/flags\/France.gif\" alt=\"Francuska\" width=\"19\" height=\"13\" border=\"0\" \/> Francuska<\/a><br \/>\n<a href=\"http:\/\/www.gsis.gr\/index.html\" target=\"_blank\" rel=\"noopener\"><img loading=\"lazy\" decoding=\"async\" src=\"\/uino\/flags\/Greece.gif\" alt=\"Gr\u010dka\" width=\"19\" height=\"13\" border=\"0\" \/> Gr\u010dka<\/a><br \/>\n<a href=\"http:\/\/www.belastingdienst.nl\/\" target=\"_blank\" rel=\"noopener\"><img loading=\"lazy\" decoding=\"async\" src=\"\/uino\/flags\/Netherlands.gif\" alt=\"Holandija\" width=\"19\" height=\"13\" border=\"0\" \/> Holandija<\/a><br \/>\n<a href=\"http:\/\/www.carina.hr\/\" target=\"_blank\" rel=\"noopener\"><img loading=\"lazy\" decoding=\"async\" src=\"\/uino\/flags\/Croatia.gif\" alt=\"Hrvatska\" width=\"19\" height=\"13\" border=\"0\" \/> Hrvatska<\/a><br \/>\n<a href=\"http:\/\/www.revenue.ie\/\" target=\"_blank\" rel=\"noopener\"><img loading=\"lazy\" decoding=\"async\" src=\"\/uino\/flags\/Ireland.gif\" alt=\"Irska\" width=\"19\" height=\"13\" border=\"0\" \/> Irska<\/a><br \/>\n<a href=\"http:\/\/www.agenziadogane.it\/\" target=\"_blank\" rel=\"noopener\"><img loading=\"lazy\" decoding=\"async\" src=\"\/uino\/flags\/Italy.gif\" alt=\"Italija\" width=\"19\" height=\"13\" border=\"0\" \/> Italija<\/a><br \/>\n<a href=\"http:\/\/www.vam.hu\/\" target=\"_blank\" rel=\"noopener\"><img loading=\"lazy\" decoding=\"async\" src=\"\/uino\/flags\/Hungary.gif\" alt=\"Ma\u0111arska\" width=\"19\" height=\"13\" border=\"0\" \/> Ma\u0111arska<\/a><br \/>\n<a href=\"http:\/\/www.customs.gov.mk\/\" target=\"_blank\" rel=\"noopener\"><img loading=\"lazy\" decoding=\"async\" src=\"\/uino\/flags\/Macedonia.gif\" alt=\"Makedonija\" width=\"19\" height=\"13\" border=\"0\" \/> Makedonija <\/a><br \/>\n<a href=\"http:\/\/www.zoll-d.de\/\" target=\"_blank\" rel=\"noopener\"><img loading=\"lazy\" decoding=\"async\" src=\"\/uino\/flags\/Germany.gif\" alt=\"Njema\u010dka\" width=\"19\" height=\"13\" border=\"0\" \/> Njema\u010dka <\/a><br \/>\n<a href=\"http:\/\/www.mf.gov.pl\/\" target=\"_blank\" rel=\"noopener\"><img loading=\"lazy\" decoding=\"async\" src=\"\/uino\/flags\/Poland.gif\" alt=\"Poljska\" width=\"19\" height=\"13\" border=\"0\" \/> Poljska<\/a><br \/>\n<a href=\"http:\/\/www.dgaiec.min-financas.pt\/\" target=\"_blank\" rel=\"noopener\"><img loading=\"lazy\" decoding=\"async\" src=\"\/uino\/flags\/Portugal.gif\" alt=\"Portugal\" width=\"19\" height=\"13\" border=\"0\" \/> Portugal<\/a><br \/>\n<a href=\"http:\/\/www.carina.gov.si\" target=\"_blank\" rel=\"noopener\"><img loading=\"lazy\" decoding=\"async\" src=\"\/uino\/flags\/Slovenia.gif\" alt=\"Slovenija\" width=\"19\" height=\"13\" border=\"0\" \/> Slovenija<\/a><br \/>\n<a href=\"http:\/\/www.carina.rs\/\" target=\"_blank\" rel=\"noopener\"><img loading=\"lazy\" decoding=\"async\" src=\"\/uino\/flags\/Serbia.gif\" alt=\"Srbija\" width=\"19\" height=\"13\" border=\"0\" \/> Srbija<\/a><br \/>\n<a href=\"http:\/\/www.aeat.es\/\" target=\"_blank\" rel=\"noopener\"><img loading=\"lazy\" decoding=\"async\" src=\"\/uino\/flags\/Spain.gif\" alt=\"\u0160panija\" width=\"19\" height=\"13\" border=\"0\" \/> \u0160panija<\/a><br \/>\n<a href=\"http:\/\/www.tullverket.se\/se\/\" target=\"_blank\" rel=\"noopener\"><img loading=\"lazy\" decoding=\"async\" src=\"\/uino\/flags\/Sweden.gif\" alt=\"\u0160vedska\" width=\"19\" height=\"13\" border=\"0\" \/> \u0160vedska<\/a><br \/>\n<a href=\"http:\/\/www.hmce.gov.uk\/\" target=\"_blank\" rel=\"noopener\"><img loading=\"lazy\" decoding=\"async\" src=\"\/uino\/flags\/UnitedKingdom.gif\" alt=\"Ujedinjeno Kraljevstvo\" width=\"19\" height=\"13\" border=\"0\" \/> Ujedinjeno Kraljevstvo<\/a><br \/>\n<a href=\"http:\/\/www.wcoomd.org\/home.htm\" target=\"_blank\" rel=\"noopener\"><img loading=\"lazy\" decoding=\"async\" src=\"\/uino\/flags\/WCO.gif\" alt=\"Ostale me\u0111unarodne carinske administracije...\" width=\"19\" height=\"13\" border=\"0\" \/> Ostale me\u0111unarodne carinske administracije&#8230; <\/a><\/p>\n","protected":false},"excerpt":{"rendered":"<p>Dr\u017eavne institucije Predsjedni\u0161tvo BiH Parlamentarna skup\u0161tina BiH Vije\u0107e ministara BiH Ministarstvo vanjskih poslova BiH Ministarstvo pravde BiH Ministartvo vanjske trgovine i ekonomskih odnosa BiH Ministarstvo finansija i trezora BiH Centralna banka BiH Ustavni sud BiH Visoko sudsko i tu\u017eila\u010dko vije\u0107e BiH (VSTV) Komisija za ljudska prava BiH Agencija za dr\u017eavnu slu\u017ebu BiH Agencija za statistiku [&hellip;]<\/p>\n","protected":false},"author":2,"featured_media":0,"parent":0,"menu_order":0,"comment_status":"closed","ping_status":"closed","template":"","meta":{"_acf_changed":false,"_et_pb_use_builder":"","_et_pb_old_content":"","_et_gb_content_width":"","footnotes":""},"categories":[],"tags":[],"class_list":["post-22953","page","type-page","status-publish","hentry"],"acf":[],"yoast_head":"<!-- This site is optimized with the Yoast SEO plugin v27.5 - https:\/\/yoast.com\/product\/yoast-seo-wordpress\/ -->\n<title>Korisni linkovi - Uprava za indirektno \/ neizravno oporezivanje BiH<\/title>\n<meta name=\"robots\" content=\"index, follow, max-snippet:-1, max-image-preview:large, max-video-preview:-1\" \/>\n<link rel=\"canonical\" href=\"https:\/\/www.uino.gov.ba\/portal\/hr\/korisni-linkovi-2\/\" \/>\n<meta property=\"og:locale\" content=\"en_US\" \/>\n<meta property=\"og:type\" content=\"article\" \/>\n<meta property=\"og:title\" content=\"Korisni linkovi - Uprava za indirektno \/ neizravno oporezivanje BiH\" \/>\n<meta property=\"og:description\" content=\"Dr\u017eavne institucije Predsjedni\u0161tvo BiH Parlamentarna skup\u0161tina BiH Vije\u0107e ministara BiH Ministarstvo vanjskih poslova BiH Ministarstvo pravde BiH Ministartvo vanjske trgovine i ekonomskih odnosa BiH Ministarstvo finansija i trezora BiH Centralna banka BiH Ustavni sud BiH Visoko sudsko i tu\u017eila\u010dko vije\u0107e BiH (VSTV) Komisija za ljudska prava BiH Agencija za dr\u017eavnu slu\u017ebu BiH Agencija za statistiku [&hellip;]\" \/>\n<meta property=\"og:url\" content=\"https:\/\/www.uino.gov.ba\/portal\/hr\/korisni-linkovi-2\/\" \/>\n<meta property=\"og:site_name\" content=\"Uprava za indirektno \/ neizravno oporezivanje BiH\" \/>\n<meta property=\"article:modified_time\" content=\"2022-01-28T08:15:33+00:00\" \/>\n<meta name=\"twitter:card\" content=\"summary_large_image\" \/>\n<meta name=\"twitter:label1\" content=\"Est. reading time\" \/>\n\t<meta name=\"twitter:data1\" content=\"6 minutes\" \/>\n<script type=\"application\/ld+json\" class=\"yoast-schema-graph\">{\"@context\":\"https:\\\/\\\/schema.org\",\"@graph\":[{\"@type\":\"WebPage\",\"@id\":\"https:\\\/\\\/www.uino.gov.ba\\\/portal\\\/hr\\\/korisni-linkovi-2\\\/\",\"url\":\"https:\\\/\\\/www.uino.gov.ba\\\/portal\\\/hr\\\/korisni-linkovi-2\\\/\",\"name\":\"Korisni linkovi - Uprava za indirektno \\\/ neizravno oporezivanje BiH\",\"isPartOf\":{\"@id\":\"https:\\\/\\\/www.uino.gov.ba\\\/portal\\\/#website\"},\"datePublished\":\"2021-06-03T10:02:14+00:00\",\"dateModified\":\"2022-01-28T08:15:33+00:00\",\"breadcrumb\":{\"@id\":\"https:\\\/\\\/www.uino.gov.ba\\\/portal\\\/hr\\\/korisni-linkovi-2\\\/#breadcrumb\"},\"inLanguage\":\"en-US\",\"potentialAction\":[{\"@type\":\"ReadAction\",\"target\":[\"https:\\\/\\\/www.uino.gov.ba\\\/portal\\\/hr\\\/korisni-linkovi-2\\\/\"]}]},{\"@type\":\"BreadcrumbList\",\"@id\":\"https:\\\/\\\/www.uino.gov.ba\\\/portal\\\/hr\\\/korisni-linkovi-2\\\/#breadcrumb\",\"itemListElement\":[{\"@type\":\"ListItem\",\"position\":1,\"name\":\"\",\"item\":\"https:\\\/\\\/www.uino.gov.ba\\\/portal\\\/bs\\\/\"},{\"@type\":\"ListItem\",\"position\":2,\"name\":\"Korisni linkovi\"}]},{\"@type\":\"WebSite\",\"@id\":\"https:\\\/\\\/www.uino.gov.ba\\\/portal\\\/#website\",\"url\":\"https:\\\/\\\/www.uino.gov.ba\\\/portal\\\/\",\"name\":\"Uprava za indirektno \\\/ neizravno oporezivanje BiH\",\"description\":\"\",\"potentialAction\":[{\"@type\":\"SearchAction\",\"target\":{\"@type\":\"EntryPoint\",\"urlTemplate\":\"https:\\\/\\\/www.uino.gov.ba\\\/portal\\\/?s={search_term_string}\"},\"query-input\":{\"@type\":\"PropertyValueSpecification\",\"valueRequired\":true,\"valueName\":\"search_term_string\"}}],\"inLanguage\":\"en-US\"}]}<\/script>\n<!-- \/ Yoast SEO plugin. -->","yoast_head_json":{"title":"Korisni linkovi - Uprava za indirektno \/ neizravno oporezivanje BiH","robots":{"index":"index","follow":"follow","max-snippet":"max-snippet:-1","max-image-preview":"max-image-preview:large","max-video-preview":"max-video-preview:-1"},"canonical":"https:\/\/www.uino.gov.ba\/portal\/hr\/korisni-linkovi-2\/","og_locale":"en_US","og_type":"article","og_title":"Korisni linkovi - Uprava za indirektno \/ neizravno oporezivanje BiH","og_description":"Dr\u017eavne institucije Predsjedni\u0161tvo BiH Parlamentarna skup\u0161tina BiH Vije\u0107e ministara BiH Ministarstvo vanjskih poslova BiH Ministarstvo pravde BiH Ministartvo vanjske trgovine i ekonomskih odnosa BiH Ministarstvo finansija i trezora BiH Centralna banka BiH Ustavni sud BiH Visoko sudsko i tu\u017eila\u010dko vije\u0107e BiH (VSTV) Komisija za ljudska prava BiH Agencija za dr\u017eavnu slu\u017ebu BiH Agencija za statistiku [&hellip;]","og_url":"https:\/\/www.uino.gov.ba\/portal\/hr\/korisni-linkovi-2\/","og_site_name":"Uprava za indirektno \/ neizravno oporezivanje BiH","article_modified_time":"2022-01-28T08:15:33+00:00","twitter_card":"summary_large_image","twitter_misc":{"Est. reading time":"6 minutes"},"schema":{"@context":"https:\/\/schema.org","@graph":[{"@type":"WebPage","@id":"https:\/\/www.uino.gov.ba\/portal\/hr\/korisni-linkovi-2\/","url":"https:\/\/www.uino.gov.ba\/portal\/hr\/korisni-linkovi-2\/","name":"Korisni linkovi - Uprava za indirektno \/ neizravno oporezivanje BiH","isPartOf":{"@id":"https:\/\/www.uino.gov.ba\/portal\/#website"},"datePublished":"2021-06-03T10:02:14+00:00","dateModified":"2022-01-28T08:15:33+00:00","breadcrumb":{"@id":"https:\/\/www.uino.gov.ba\/portal\/hr\/korisni-linkovi-2\/#breadcrumb"},"inLanguage":"en-US","potentialAction":[{"@type":"ReadAction","target":["https:\/\/www.uino.gov.ba\/portal\/hr\/korisni-linkovi-2\/"]}]},{"@type":"BreadcrumbList","@id":"https:\/\/www.uino.gov.ba\/portal\/hr\/korisni-linkovi-2\/#breadcrumb","itemListElement":[{"@type":"ListItem","position":1,"name":"","item":"https:\/\/www.uino.gov.ba\/portal\/bs\/"},{"@type":"ListItem","position":2,"name":"Korisni linkovi"}]},{"@type":"WebSite","@id":"https:\/\/www.uino.gov.ba\/portal\/#website","url":"https:\/\/www.uino.gov.ba\/portal\/","name":"Uprava za indirektno \/ neizravno oporezivanje BiH","description":"","potentialAction":[{"@type":"SearchAction","target":{"@type":"EntryPoint","urlTemplate":"https:\/\/www.uino.gov.ba\/portal\/?s={search_term_string}"},"query-input":{"@type":"PropertyValueSpecification","valueRequired":true,"valueName":"search_term_string"}}],"inLanguage":"en-US"}]}},"publishpress_future_action":{"enabled":false,"date":"2026-05-06 23:20:15","action":"change-status","newStatus":"draft","terms":[],"taxonomy":"category","extraData":[]},"publishpress_future_workflow_manual_trigger":{"enabledWorkflows":[]},"_links":{"self":[{"href":"https:\/\/www.uino.gov.ba\/portal\/wp-json\/wp\/v2\/pages\/22953","targetHints":{"allow":["GET"]}}],"collection":[{"href":"https:\/\/www.uino.gov.ba\/portal\/wp-json\/wp\/v2\/pages"}],"about":[{"href":"https:\/\/www.uino.gov.ba\/portal\/wp-json\/wp\/v2\/types\/page"}],"author":[{"embeddable":true,"href":"https:\/\/www.uino.gov.ba\/portal\/wp-json\/wp\/v2\/users\/2"}],"replies":[{"embeddable":true,"href":"https:\/\/www.uino.gov.ba\/portal\/wp-json\/wp\/v2\/comments?post=22953"}],"version-history":[{"count":2,"href":"https:\/\/www.uino.gov.ba\/portal\/wp-json\/wp\/v2\/pages\/22953\/revisions"}],"predecessor-version":[{"id":22957,"href":"https:\/\/www.uino.gov.ba\/portal\/wp-json\/wp\/v2\/pages\/22953\/revisions\/22957"}],"wp:attachment":[{"href":"https:\/\/www.uino.gov.ba\/portal\/wp-json\/wp\/v2\/media?parent=22953"}],"wp:term":[{"taxonomy":"category","embeddable":true,"href":"https:\/\/www.uino.gov.ba\/portal\/wp-json\/wp\/v2\/categories?post=22953"},{"taxonomy":"post_tag","embeddable":true,"href":"https:\/\/www.uino.gov.ba\/portal\/wp-json\/wp\/v2\/tags?post=22953"}],"curies":[{"name":"wp","href":"https:\/\/api.w.org\/{rel}","templated":true}]}}