{"id":1668,"date":"2021-06-01T07:06:13","date_gmt":"2021-06-01T05:06:13","guid":{"rendered":"https:\/\/www.uino.gov.ba\/?page_id=1668"},"modified":"2021-10-27T14:55:13","modified_gmt":"2021-10-27T12:55:13","slug":"o-nama-3","status":"publish","type":"page","link":"https:\/\/www.uino.gov.ba\/portal\/hr\/o-nama-3\/","title":{"rendered":"O nama"},"content":{"rendered":"<p>[et_pb_section fb_built=&#8221;1&#8243; _builder_version=&#8221;4.9.10&#8243; _module_preset=&#8221;default&#8221;][et_pb_row column_structure=&#8221;1_2,1_2&#8243; _builder_version=&#8221;3.25&#8243; background_size=&#8221;initial&#8221; background_position=&#8221;top_left&#8221; background_repeat=&#8221;repeat&#8221; locked=&#8221;off&#8221;][et_pb_column type=&#8221;1_2&#8243; _builder_version=&#8221;3.25&#8243; custom_padding=&#8221;|||&#8221; custom_padding__hover=&#8221;|||&#8221;][et_pb_text _builder_version=&#8221;4.9.10&#8243; background_size=&#8221;initial&#8221; background_position=&#8221;top_left&#8221; background_repeat=&#8221;repeat&#8221;]<\/p>\n<p class=\"aktuelno\" style=\"text-align: justify;\"><strong>Uspostava<\/strong><\/p>\n<p class=\"aktuelno\" style=\"text-align: justify;\">Usvajanjem Zakona o sustavu neizravnog oporezivanja 29.12.2003. godine Parlament Bosne i Hercegovine stvorio je pravni temelj za uspostavu Uprave za neizravno oporezivanje, najve\u0107e institucije na dr\u017eavnoj razini.<\/p>\n<p>Tijekom 2004. godine izvr\u0161eno je spajanje biv\u0161ih carinskih uprava entiteta i Distrikta Br\u010dko. Usporedo s procesom reorganizacije carinske slu\u017ebe, utemeljen je Sektor za poreze, prvi put na dr\u017eavnoj razini, koji je imao zada\u0107u razviti i provesti jedinstveni sustav poreza na dodanu vrijednost.<\/p>\n<p>2004. godinu obilje\u017eilo je spajanje carinskih administracija i prijenos ovlasti a Uprava je kao jedinstvena cjelina stvarno po\u010dela funkcionirati na cijelom teritoriju BiH od 01.01.2005. godine. Samo godinu i pol kasnije UNO je po\u010dela s registracijom PDV obveznika \u0161to je predstavljalo zavr\u0161nu fazu priprema za uvo\u0111enje PDV-a. U najkra\u0107em mogu\u0107em roku UNO je izvr\u0161ila vrlo uspje\u0161no uvo\u0111enje novog poreznog sustava \u0161to je od strane relevantnih me\u0111unarodnih institucija ocijenjeno kao jedan od klju\u010dnih koraka za uspostavu jedinstvenog ekonomskog prostora, smanjenje sive ekonomije, poticanje stranih ulaganja i smanjenje vanjskotrgovinskog deficita.<\/p>\n<p class=\"aktuelno\" style=\"text-align: justify;\">\n<p class=\"aktuelno\" style=\"text-align: justify;\"><strong>Rukovodstvo i organizacija UNO<\/strong><\/p>\n<p class=\"aktuelno\" style=\"text-align: justify;\">UNO je samostalna upravna organizacija koja za svoj rad putem Upravnog odbora odgovara Vije\u0107u ministara BiH. Upravni odbor UNO broji 6 \u010dlanova od kojih su tri ministra financija \u010dlanovi po slu\u017ebenoj du\u017enosti.<\/p>\n<p class=\"aktuelno\" style=\"text-align: justify;\">Sjedi\u0161e UNO je u Banjoj Luci. Aktivnosti na terenu odvijaju se kroz \u010detiri regionalna centra &#8211; Sarajevo, Banja Luka, Mostar i Tuzla, te 30 carinskih ispostava i 59 carinskih referata, od \u010dega je 40 cestovnih grani\u010dnih prijelaza, 4 zra\u010dna, 8 \u017eeljezni\u010dkih, 3 po\u0161tanska grani\u010dna prijelaza i 4 slobodne zone. Organizacijsku strukturu Uprave \u010dini pet sektora i 4 odjeljenja koja \u010dine Kabinet direktora.<\/p>\n<p class=\"aktuelno\" style=\"text-align: justify;\" align=\"justify\">\n<p class=\"aktuelno\" style=\"text-align: justify;\"><strong>Pravni temelji <\/strong><\/p>\n<p class=\"aktuelno\" style=\"text-align: justify;\">Klju\u010dni zakoni na kojima se zasniva rad Uprave za neizravno oporezivanje su:<\/p>\n<ul style=\"text-align: justify;\">\n<li class=\"aktuelno\" style=\"text-align: justify;\">Zakon o sustavu neizravnog oporezivanja u BiH<\/li>\n<li class=\"aktuelno\" style=\"text-align: justify;\">Zakon o Upravi za neizravno oporezivanje<\/li>\n<li class=\"aktuelno\" style=\"text-align: justify;\">Zakon o postupku neizravnog oporezivanja<\/li>\n<li class=\"aktuelno\" style=\"text-align: justify;\">Zakon o postupku prisilne naplate<\/li>\n<li class=\"aktuelno\" style=\"text-align: justify;\">Zakon o carinskoj politici BiH<\/li>\n<li class=\"aktuelno\" style=\"text-align: justify;\">Zakon o carinskim prekr\u0161ajima<\/li>\n<li class=\"aktuelno\" style=\"text-align: justify;\">Zakon o carinskoj tarifi BiH<\/li>\n<li class=\"aktuelno\" style=\"text-align: justify;\">Zakon o porezu na dodanu vrijednost<\/li>\n<li class=\"aktuelno\" style=\"text-align: justify;\">Zakon o tro\u0161arinama<\/li>\n<li class=\"aktuelno\" style=\"text-align: justify;\">Zakon o uplatama na jedinstveni ra\u010dun i raspodjeli prihoda<\/li>\n<\/ul>\n<p class=\"aktuelno\" style=\"text-align: justify;\"><strong><\/strong><\/p>\n<p class=\"aktuelno\" style=\"text-align: justify;\"><strong>Ciljevi<\/strong><\/p>\n<p class=\"aktuelno\" style=\"text-align: justify;\">UNO je jedini organ u Bosni i Hercegovini odgovoran za provedbu zakonskih propisa i politike neizravnog oporezivanja, te za naplatu i raspodjelu prihoda od neizravnih poreza.<\/p>\n<p class=\"aktuelno\" style=\"text-align: justify;\">U nadle\u017enosti Uprave je prikupljane svih neizravnih poreza u BiH: poreza na dodanu vrijednost, carina, tro\u0161arina i putarine. Samo 18 mjeseci od formalne uspostave UNO je u\u0161la u zavr\u0161nu fazu priprema za uvo\u0111enje poreza na dodanu vrijednost i po\u010dela s registracijom PDV obveznika.<\/p>\n<p class=\"aktuelno\" style=\"text-align: justify;\">Od predvi\u0111enih 20 tisu\u0107a PDV obveznika, koliko se o\u010dekivalo prema podatcima entitetskih poreznih uprava, UNO trenuta\u010dno brine za legalno poslovanje i efikasnu naplatu poreza za vi\u0161e od 55.000 PDV obveznika. Od uspostave Uprava bilje\u017ei konstantan rast prihoda. Na\u0161i prioriteti su ostvarenje zahtjevnih ciljeva koje pred nas postavlja proces pribli\u017eavanja Europskoj uniji a to su:<\/p>\n<ul>\n<li class=\"aktuelno\" style=\"text-align: justify;\">ubrzanje protoka roba i ljudi uz istovremeno poja\u010danje kontrole,<\/li>\n<li class=\"aktuelno\" style=\"text-align: justify;\">podizanje razine sigurnosti gra\u0111ana, te razvijanje suradnje s drugim doma\u0107im i me\u0111unarodnim institucijama s ciljem harmonizacije procedura i uskla\u0111ivanja zakonodavstva prema zahtjevima EU,<\/li>\n<li class=\"aktuelno\" style=\"text-align: justify;\">bolja razmjena informacija s drugim institucijama i u\u010dinkovita borba protiv ilegalne trgovine i bilo kojeg oblika carinskih ili poreznih prijevara.<\/li>\n<\/ul>\n<p>[\/et_pb_text][\/et_pb_column][et_pb_column type=&#8221;1_2&#8243; _builder_version=&#8221;3.25&#8243; custom_padding=&#8221;|||&#8221; custom_padding__hover=&#8221;|||&#8221;][et_pb_image src=&#8221;https:\/\/www.uino.gov.ba\/portal\/wp-content\/uploads\/\/2517.jpeg&#8221; title_text=&#8221;2517&#8243; align=&#8221;center&#8221; admin_label=&#8221;Fotografija direktora&#8221; _builder_version=&#8221;4.9.10&#8243; _module_preset=&#8221;default&#8221; box_shadow_style=&#8221;preset1&#8243;][\/et_pb_image][et_pb_testimonial author=&#8221;Dr. Miro D\u017eakula&#8221; job_title=&#8221;Direktor&#8221; company_name=&#8221;Uprava za indirektno oporezivanje&#8221; admin_label=&#8221;Rije\u010d direktora&#8221; _builder_version=&#8221;4.9.10&#8243; _module_preset=&#8221;default&#8221;]<\/p>\n<p style=\"text-align: justify;\">Po\u0161tovani korisnici web stranice Uprave za neizravno oporezivanje,<\/p>\n<p style=\"text-align: justify;\">Tijekom proteklih godina pratimo stalni napredak informacijskih tehnologija na svim razinama, a posebice na uspostavi novih vrsta korisni\u010dkih usluga, gdje \u0107e obveznici neizravnih poreza, putem interneta biti u prilici ostvarivati\u00a0 svoja prava na jednostavan i siguran na\u010din. Uvjeren sam da \u0107e novo izdanje web stranice Uprave za neizravno oporezivanje doprinijeti da obveznici neizravnih poreza, oslanjaju\u0107i se na dobre prakse izvr\u0161avanja zakonskih obveza, u\u010dinkovitije primjenjuju propise o neizravnom oporezivanju. Na\u0161a nastojanja su da web stranica bude aktualna i daje pregledne informacije o svim podru\u010djima rada Uprave, a jedno od nastojanja je da se putem web prezentiranja omogu\u0107i ulazak u \u0161iri spektar informiranja i uvida u javnost rada najve\u0107e dr\u017eavne institucije u Bosni i Hercegovini. Tako\u0111er, va\u017ee\u0107i\u00a0 propisi o neizravnom oporezivanju sada su sortirani preglednije, te ih je svakako br\u017ee i lak\u0161e pretra\u017eivati. Siguran sam da se otvara novo poglavlje u komuniciranju sa na\u0161im obveznicima i da \u0107e na obostrano zadovoljstvo web stranica\u00a0 biti \u010desto kori\u0161ten alat u provo\u0111enju poreznih i carinskih postupaka i procedura. Moji suradnici i ja i do sada smo bili otvoreni za svaku primjedbu, pohvalu ili sugestiju. Uz \u017eelju da \u0107e nova web stranica ispuniti o\u010dekivanja korisnika, pozivam obveznike neizravnih poreza i na web dijalog.<\/p>\n<p>[\/et_pb_testimonial][\/et_pb_column][\/et_pb_row][et_pb_row column_structure=&#8221;1_5,1_5,1_5,1_5,1_5&#8243; make_equal=&#8221;on&#8221; module_class=&#8221;ln-icon-box&#8221; _builder_version=&#8221;4.9.10&#8243; _module_preset=&#8221;default&#8221; locked=&#8221;off&#8221;][et_pb_column type=&#8221;1_5&#8243; _builder_version=&#8221;4.9.4&#8243; _module_preset=&#8221;default&#8221;][et_pb_blurb title=&#8221;Rukovodstvo&#8221; use_icon=&#8221;on&#8221; font_icon=&#8221;%%259%%&#8221; icon_color=&#8221;#172548&#8243; admin_label=&#8221;Rukovodstvo&#8221; _builder_version=&#8221;4.9.10&#8243; _dynamic_attributes=&#8221;link_option_url&#8221; _module_preset=&#8221;default&#8221; header_text_align=&#8221;center&#8221; custom_padding=&#8221;20px|20px|20px|20px|false|false&#8221; link_option_url=&#8221;@ET-DC@eyJkeW5hbWljIjp0cnVlLCJjb250ZW50IjoicG9zdF9saW5rX3VybF9wYWdlIiwic2V0dGluZ3MiOnsicG9zdF9pZCI6IjIzOTIifX0=@&#8221; border_radii=&#8221;on|5px|5px|5px|5px&#8221; box_shadow_style=&#8221;preset1&#8243; box_shadow_blur=&#8221;5px&#8221; font_icon__hover_enabled=&#8221;off|desktop&#8221;][\/et_pb_blurb][\/et_pb_column][et_pb_column type=&#8221;1_5&#8243; _builder_version=&#8221;4.9.4&#8243; _module_preset=&#8221;default&#8221;][et_pb_blurb title=&#8221;Bud\u017eet&#8221; use_icon=&#8221;on&#8221; font_icon=&#8221;%%281%%&#8221; icon_color=&#8221;#172548&#8243; admin_label=&#8221;Bud\u017eet&#8221; _builder_version=&#8221;4.9.10&#8243; _dynamic_attributes=&#8221;link_option_url&#8221; _module_preset=&#8221;default&#8221; header_text_align=&#8221;center&#8221; custom_padding=&#8221;20px|20px|20px|20px|false|false&#8221; link_option_url=&#8221;@ET-DC@eyJkeW5hbWljIjp0cnVlLCJjb250ZW50IjoicG9zdF9saW5rX3VybF9wYWdlIiwic2V0dGluZ3MiOnsicG9zdF9pZCI6IjI0MzIifX0=@&#8221; border_radii=&#8221;on|5px|5px|5px|5px&#8221; box_shadow_style=&#8221;preset1&#8243; box_shadow_blur=&#8221;5px&#8221; font_icon__hover_enabled=&#8221;off|desktop&#8221;][\/et_pb_blurb][\/et_pb_column][et_pb_column type=&#8221;1_5&#8243; _builder_version=&#8221;4.9.10&#8243; _module_preset=&#8221;default&#8221;][et_pb_blurb title=&#8221;Plan rada&#8221; use_icon=&#8221;on&#8221; font_icon=&#8221;%%253%%&#8221; icon_color=&#8221;#172548&#8243; admin_label=&#8221;Plan rada&#8221; _builder_version=&#8221;4.9.10&#8243; _dynamic_attributes=&#8221;link_option_url&#8221; _module_preset=&#8221;default&#8221; header_text_align=&#8221;center&#8221; custom_padding=&#8221;20px|20px|20px|20px|false|false&#8221; link_option_url=&#8221;@ET-DC@eyJkeW5hbWljIjp0cnVlLCJjb250ZW50IjoicG9zdF9saW5rX3VybF9wYWdlIiwic2V0dGluZ3MiOnsicG9zdF9pZCI6Ijc0In19@&#8221; border_radii=&#8221;on|5px|5px|5px|5px&#8221; box_shadow_style=&#8221;preset1&#8243; box_shadow_blur=&#8221;5px&#8221; locked=&#8221;off&#8221; font_icon__hover_enabled=&#8221;off|desktop&#8221;][\/et_pb_blurb][\/et_pb_column][et_pb_column type=&#8221;1_5&#8243; _builder_version=&#8221;4.9.4&#8243; _module_preset=&#8221;default&#8221;][et_pb_blurb title=&#8221;Strate\u0161ki dokumenti&#8221; use_icon=&#8221;on&#8221; font_icon=&#8221;%%254%%&#8221; icon_color=&#8221;#172548&#8243; admin_label=&#8221;Strate\u0161ki dokumenti&#8221; _builder_version=&#8221;4.9.10&#8243; _dynamic_attributes=&#8221;link_option_url&#8221; _module_preset=&#8221;default&#8221; header_text_align=&#8221;center&#8221; custom_padding=&#8221;20px|20px|20px|20px|false|false&#8221; link_option_url=&#8221;@ET-DC@eyJkeW5hbWljIjp0cnVlLCJjb250ZW50IjoicG9zdF9saW5rX3VybF9wYWdlIiwic2V0dGluZ3MiOnsicG9zdF9pZCI6IjI1NDcifX0=@&#8221; border_radii=&#8221;on|5px|5px|5px|5px&#8221; box_shadow_style=&#8221;preset1&#8243; box_shadow_blur=&#8221;5px&#8221; font_icon__hover_enabled=&#8221;off|desktop&#8221;][\/et_pb_blurb][\/et_pb_column][et_pb_column type=&#8221;1_5&#8243; _builder_version=&#8221;4.9.4&#8243; _module_preset=&#8221;default&#8221;][et_pb_blurb title=&#8221;Me\u0111unarodna suradnja&#8221; use_icon=&#8221;on&#8221; font_icon=&#8221;%%289%%&#8221; icon_color=&#8221;#172548&#8243; admin_label=&#8221;Me\u0111unarodna saradnja&#8221; _builder_version=&#8221;4.9.10&#8243; _dynamic_attributes=&#8221;link_option_url&#8221; _module_preset=&#8221;default&#8221; header_text_align=&#8221;center&#8221; custom_padding=&#8221;20px|20px|20px|20px|false|false&#8221; link_option_url=&#8221;@ET-DC@eyJkeW5hbWljIjp0cnVlLCJjb250ZW50IjoicG9zdF9saW5rX3VybF9wYWdlIiwic2V0dGluZ3MiOnsicG9zdF9pZCI6IjI1NzEifX0=@&#8221; hover_enabled=&#8221;0&#8243; border_radii=&#8221;on|5px|5px|5px|5px&#8221; box_shadow_style=&#8221;preset1&#8243; box_shadow_blur=&#8221;5px&#8221; font_icon__hover_enabled=&#8221;off|desktop&#8221; sticky_enabled=&#8221;0&#8243;][\/et_pb_blurb][\/et_pb_column][\/et_pb_row][et_pb_row _builder_version=&#8221;4.9.10&#8243; _module_preset=&#8221;default&#8221;][et_pb_column type=&#8221;4_4&#8243; _builder_version=&#8221;4.9.10&#8243; _module_preset=&#8221;default&#8221;][et_pb_toggle title=&#8221;Nadle\u017enost UNO&#8221; admin_label=&#8221;Nadle\u017enost togle&#8221; _builder_version=&#8221;4.9.10&#8243; _module_preset=&#8221;default&#8221; locked=&#8221;off&#8221;]<\/p>\n<p>UNO je nadle\u017ean da:<\/p>\n<ul>\n<li>vodi jedinstveni registar obveznika neizravnih poreza i dodjeljuje im odgovaraju\u0107i identifikacioni broj;<\/li>\n<li>vr\u0161i prijem poreskih prijava i drugih isprava, vodi obaveze po osnovu neizravnih poreza u poreskom knjigovodstvu, vr\u0161i naplatu i povrat neizravnih poreza;<\/li>\n<li>vodi poresko knjigovodstvo;<\/li>\n<li>utvr\u0111uje pravovremenost, zakonitost i pravilnost podnesenih poreskih prijava i drugih isprava;<\/li>\n<li>utvr\u0111uje poresku osnovicu i poresku obavezu obveznika neizravnih poreza na osnovu poreskih prijava, isprava, poslovnih knjiga, evidencija obveznika i drugih dokaza, uklju\u010duju\u0107i i primjenu neizravnih metoda dokazivanja;<\/li>\n<li>obavlja provjeru, ograni\u010denu provjeru i kontrolu obveznika neizravnih poreza;<\/li>\n<li>spre\u010dava, otkriva i istra\u017euje carinske, poreske i druge prekr\u0161aje, te, u skladu s uputstvima nadle\u017enog<br \/>tu\u017eioca, vodi aktivnosti u vezi s istragom krivi\u010dnih djela vezanih za indirektno oporezivanje i nadle\u017enim organima podnosi prijave za povredu propisa o indirektnom oporezivanju;<\/li>\n<li>provodi postupak prinudne naplate;<\/li>\n<li>po potrebi, daje mi\u0161ljenja o primjeni propisa o neizravnih oporezivanju;<\/li>\n<li>obavlja upravne i druge poslove koji se odnose na me\u0111unarodnu pravnu pomo\u0107 u oblasti neizravnog<br \/>oporezivanja;<\/li>\n<li>vr\u0161i edukaciju poreskih obveznika;<\/li>\n<li>prou\u010dava poreske sisteme i obavlja saradnju s poreskim organima drugih dr\u017eava, na osnovu<br \/>me\u0111unarodnih sporazuma koje je zaklju\u010dila Bosna i Hercegovina;<\/li>\n<li>primjenjuje me\u0111unarodne ugovore iz oblasti neizravnih poreza;<\/li>\n<li>izdaje uvjerenja o \u010dinjenicama o kojima UNO vodi slu\u017ebenu evidenciju;<\/li>\n<li>jedinstveno koristi informacione tehnologije u skladu sa Strategijom UNO za informacionu tehnologiju i politike u vezi s tim;<\/li>\n<li>izdaje poreske i kontrolne markice i druge oznake za obilje\u017eavanje, pra\u0107enje proizvodnje, prometa i upotrebe pojedinih proizvoda, u skladu sa zakonskim propisima;<\/li>\n<li>vodi jedinstveni ra\u010dun i vr\u0161i naplatu prihoda po osnovu neizravnih poreza, dozna\u010davanje i raspodjelu<br \/>prihoda po osnovu neizravnih poreza na na\u010din reguliran zakonom;<\/li>\n<li>prikuplja i obra\u0111uje podatke o utvr\u0111enim i napla\u0107enim porezima;<\/li>\n<li>planira i provodi obuku zaposlenih u odre\u0111enim oblastima, zavisno od ukazane potrebe;<\/li>\n<li>vr\u0161i obradu i pra\u0107enje statisti\u010dkih podataka o neizravnih porezima;<\/li>\n<li>vodi prvostepeni i drugostepeni upravni postupak;<\/li>\n<li>prati izvr\u0161avanje ugovornih obaveza izme\u0111u UNO i komercijalnih banaka;<\/li>\n<li>vr\u0161i i druge poslove koje su mu povjereni zakonom.<\/li>\n<\/ul>\n<p>[\/et_pb_toggle][\/et_pb_column][\/et_pb_row][\/et_pb_section]<\/p>\n","protected":false},"excerpt":{"rendered":"<p>Uspostava Usvajanjem Zakona o sustavu neizravnog oporezivanja 29.12.2003. godine Parlament Bosne i Hercegovine stvorio je pravni temelj za uspostavu Uprave za neizravno oporezivanje, najve\u0107e institucije na dr\u017eavnoj razini. Tijekom 2004. godine izvr\u0161eno je spajanje biv\u0161ih carinskih uprava entiteta i Distrikta Br\u010dko. Usporedo s procesom reorganizacije carinske slu\u017ebe, utemeljen je Sektor za poreze, prvi put na [&hellip;]<\/p>\n","protected":false},"author":2,"featured_media":0,"parent":0,"menu_order":0,"comment_status":"closed","ping_status":"closed","template":"","meta":{"_acf_changed":false,"_et_pb_use_builder":"on","_et_pb_old_content":"","_et_gb_content_width":"","footnotes":""},"categories":[],"tags":[],"class_list":["post-1668","page","type-page","status-publish","hentry"],"acf":[],"yoast_head":"<!-- This site is optimized with the Yoast SEO plugin v27.3 - https:\/\/yoast.com\/product\/yoast-seo-wordpress\/ -->\n<title>O nama - Uprava za indirektno \/ neizravno oporezivanje BiH<\/title>\n<meta name=\"robots\" content=\"index, follow, max-snippet:-1, max-image-preview:large, max-video-preview:-1\" \/>\n<link rel=\"canonical\" href=\"https:\/\/www.uino.gov.ba\/portal\/hr\/o-nama-3\/\" \/>\n<meta property=\"og:locale\" content=\"en_US\" \/>\n<meta property=\"og:type\" content=\"article\" \/>\n<meta property=\"og:title\" content=\"O nama - Uprava za indirektno \/ neizravno oporezivanje BiH\" \/>\n<meta property=\"og:description\" content=\"Uspostava Usvajanjem Zakona o sustavu neizravnog oporezivanja 29.12.2003. godine Parlament Bosne i Hercegovine stvorio je pravni temelj za uspostavu Uprave za neizravno oporezivanje, najve\u0107e institucije na dr\u017eavnoj razini. Tijekom 2004. godine izvr\u0161eno je spajanje biv\u0161ih carinskih uprava entiteta i Distrikta Br\u010dko. Usporedo s procesom reorganizacije carinske slu\u017ebe, utemeljen je Sektor za poreze, prvi put na [&hellip;]\" \/>\n<meta property=\"og:url\" content=\"https:\/\/www.uino.gov.ba\/portal\/hr\/o-nama-3\/\" \/>\n<meta property=\"og:site_name\" content=\"Uprava za indirektno \/ neizravno oporezivanje BiH\" \/>\n<meta property=\"article:modified_time\" content=\"2021-10-27T12:55:13+00:00\" \/>\n<meta name=\"twitter:card\" content=\"summary_large_image\" \/>\n<meta name=\"twitter:label1\" content=\"Est. reading time\" \/>\n\t<meta name=\"twitter:data1\" content=\"9 minutes\" \/>\n<script type=\"application\/ld+json\" class=\"yoast-schema-graph\">{\"@context\":\"https:\\\/\\\/schema.org\",\"@graph\":[{\"@type\":\"WebPage\",\"@id\":\"https:\\\/\\\/www.uino.gov.ba\\\/portal\\\/hr\\\/o-nama-3\\\/\",\"url\":\"https:\\\/\\\/www.uino.gov.ba\\\/portal\\\/hr\\\/o-nama-3\\\/\",\"name\":\"O nama - Uprava za indirektno \\\/ neizravno oporezivanje BiH\",\"isPartOf\":{\"@id\":\"https:\\\/\\\/www.uino.gov.ba\\\/portal\\\/#website\"},\"datePublished\":\"2021-06-01T05:06:13+00:00\",\"dateModified\":\"2021-10-27T12:55:13+00:00\",\"breadcrumb\":{\"@id\":\"https:\\\/\\\/www.uino.gov.ba\\\/portal\\\/hr\\\/o-nama-3\\\/#breadcrumb\"},\"inLanguage\":\"en-US\",\"potentialAction\":[{\"@type\":\"ReadAction\",\"target\":[\"https:\\\/\\\/www.uino.gov.ba\\\/portal\\\/hr\\\/o-nama-3\\\/\"]}]},{\"@type\":\"BreadcrumbList\",\"@id\":\"https:\\\/\\\/www.uino.gov.ba\\\/portal\\\/hr\\\/o-nama-3\\\/#breadcrumb\",\"itemListElement\":[{\"@type\":\"ListItem\",\"position\":1,\"name\":\"\",\"item\":\"https:\\\/\\\/www.uino.gov.ba\\\/portal\\\/bs\\\/\"},{\"@type\":\"ListItem\",\"position\":2,\"name\":\"O nama\"}]},{\"@type\":\"WebSite\",\"@id\":\"https:\\\/\\\/www.uino.gov.ba\\\/portal\\\/#website\",\"url\":\"https:\\\/\\\/www.uino.gov.ba\\\/portal\\\/\",\"name\":\"Uprava za indirektno \\\/ neizravno oporezivanje BiH\",\"description\":\"\",\"potentialAction\":[{\"@type\":\"SearchAction\",\"target\":{\"@type\":\"EntryPoint\",\"urlTemplate\":\"https:\\\/\\\/www.uino.gov.ba\\\/portal\\\/?s={search_term_string}\"},\"query-input\":{\"@type\":\"PropertyValueSpecification\",\"valueRequired\":true,\"valueName\":\"search_term_string\"}}],\"inLanguage\":\"en-US\"}]}<\/script>\n<!-- \/ Yoast SEO plugin. -->","yoast_head_json":{"title":"O nama - Uprava za indirektno \/ neizravno oporezivanje BiH","robots":{"index":"index","follow":"follow","max-snippet":"max-snippet:-1","max-image-preview":"max-image-preview:large","max-video-preview":"max-video-preview:-1"},"canonical":"https:\/\/www.uino.gov.ba\/portal\/hr\/o-nama-3\/","og_locale":"en_US","og_type":"article","og_title":"O nama - Uprava za indirektno \/ neizravno oporezivanje BiH","og_description":"Uspostava Usvajanjem Zakona o sustavu neizravnog oporezivanja 29.12.2003. godine Parlament Bosne i Hercegovine stvorio je pravni temelj za uspostavu Uprave za neizravno oporezivanje, najve\u0107e institucije na dr\u017eavnoj razini. Tijekom 2004. godine izvr\u0161eno je spajanje biv\u0161ih carinskih uprava entiteta i Distrikta Br\u010dko. Usporedo s procesom reorganizacije carinske slu\u017ebe, utemeljen je Sektor za poreze, prvi put na [&hellip;]","og_url":"https:\/\/www.uino.gov.ba\/portal\/hr\/o-nama-3\/","og_site_name":"Uprava za indirektno \/ neizravno oporezivanje BiH","article_modified_time":"2021-10-27T12:55:13+00:00","twitter_card":"summary_large_image","twitter_misc":{"Est. reading time":"9 minutes"},"schema":{"@context":"https:\/\/schema.org","@graph":[{"@type":"WebPage","@id":"https:\/\/www.uino.gov.ba\/portal\/hr\/o-nama-3\/","url":"https:\/\/www.uino.gov.ba\/portal\/hr\/o-nama-3\/","name":"O nama - Uprava za indirektno \/ neizravno oporezivanje BiH","isPartOf":{"@id":"https:\/\/www.uino.gov.ba\/portal\/#website"},"datePublished":"2021-06-01T05:06:13+00:00","dateModified":"2021-10-27T12:55:13+00:00","breadcrumb":{"@id":"https:\/\/www.uino.gov.ba\/portal\/hr\/o-nama-3\/#breadcrumb"},"inLanguage":"en-US","potentialAction":[{"@type":"ReadAction","target":["https:\/\/www.uino.gov.ba\/portal\/hr\/o-nama-3\/"]}]},{"@type":"BreadcrumbList","@id":"https:\/\/www.uino.gov.ba\/portal\/hr\/o-nama-3\/#breadcrumb","itemListElement":[{"@type":"ListItem","position":1,"name":"","item":"https:\/\/www.uino.gov.ba\/portal\/bs\/"},{"@type":"ListItem","position":2,"name":"O nama"}]},{"@type":"WebSite","@id":"https:\/\/www.uino.gov.ba\/portal\/#website","url":"https:\/\/www.uino.gov.ba\/portal\/","name":"Uprava za indirektno \/ neizravno oporezivanje BiH","description":"","potentialAction":[{"@type":"SearchAction","target":{"@type":"EntryPoint","urlTemplate":"https:\/\/www.uino.gov.ba\/portal\/?s={search_term_string}"},"query-input":{"@type":"PropertyValueSpecification","valueRequired":true,"valueName":"search_term_string"}}],"inLanguage":"en-US"}]}},"publishpress_future_action":{"enabled":false,"date":"2026-04-12 12:50:36","action":"change-status","newStatus":"draft","terms":[],"taxonomy":"category","extraData":[]},"publishpress_future_workflow_manual_trigger":{"enabledWorkflows":[]},"_links":{"self":[{"href":"https:\/\/www.uino.gov.ba\/portal\/wp-json\/wp\/v2\/pages\/1668","targetHints":{"allow":["GET"]}}],"collection":[{"href":"https:\/\/www.uino.gov.ba\/portal\/wp-json\/wp\/v2\/pages"}],"about":[{"href":"https:\/\/www.uino.gov.ba\/portal\/wp-json\/wp\/v2\/types\/page"}],"author":[{"embeddable":true,"href":"https:\/\/www.uino.gov.ba\/portal\/wp-json\/wp\/v2\/users\/2"}],"replies":[{"embeddable":true,"href":"https:\/\/www.uino.gov.ba\/portal\/wp-json\/wp\/v2\/comments?post=1668"}],"version-history":[{"count":11,"href":"https:\/\/www.uino.gov.ba\/portal\/wp-json\/wp\/v2\/pages\/1668\/revisions"}],"predecessor-version":[{"id":2577,"href":"https:\/\/www.uino.gov.ba\/portal\/wp-json\/wp\/v2\/pages\/1668\/revisions\/2577"}],"wp:attachment":[{"href":"https:\/\/www.uino.gov.ba\/portal\/wp-json\/wp\/v2\/media?parent=1668"}],"wp:term":[{"taxonomy":"category","embeddable":true,"href":"https:\/\/www.uino.gov.ba\/portal\/wp-json\/wp\/v2\/categories?post=1668"},{"taxonomy":"post_tag","embeddable":true,"href":"https:\/\/www.uino.gov.ba\/portal\/wp-json\/wp\/v2\/tags?post=1668"}],"curies":[{"name":"wp","href":"https:\/\/api.w.org\/{rel}","templated":true}]}}