{"id":1561,"date":"2021-06-01T11:02:45","date_gmt":"2021-06-01T09:02:45","guid":{"rendered":"https:\/\/www.uino.gov.ba\/?page_id=1561"},"modified":"2022-01-28T09:18:28","modified_gmt":"2022-01-28T08:18:28","slug":"oglasna-ploca-2","status":"publish","type":"page","link":"https:\/\/www.uino.gov.ba\/portal\/hr\/oglasna-ploca-2\/","title":{"rendered":"Oglasna plo\u010da"},"content":{"rendered":"<p>[et_pb_section fb_built=&#8221;1&#8243; _builder_version=&#8221;4.9.10&#8243; _module_preset=&#8221;default&#8221;][et_pb_row _builder_version=&#8221;4.9.10&#8243; _module_preset=&#8221;default&#8221;][et_pb_column type=&#8221;4_4&#8243; _builder_version=&#8221;4.9.10&#8243; _module_preset=&#8221;default&#8221;][et_pb_post_title _builder_version=&#8221;4.9.10&#8243; _module_preset=&#8221;default&#8221; hover_enabled=&#8221;0&#8243; sticky_enabled=&#8221;0&#8243; meta=&#8221;off&#8221; featured_image=&#8221;off&#8221;][\/et_pb_post_title][et_pb_text _builder_version=&#8221;4.9.10&#8243; _module_preset=&#8221;default&#8221;]<\/p>\n<p>Na ovom mjestu mogu se prona\u0107i svi akti koje je Uprava za neizravno oporezivanje poku\u0161ala pisanim putem uru\u010diti i gdje dostava nije bila mogu\u0107a.<\/p>\n<p>U\u00a0 \u201eSlu\u017ebenom glasniku BiH\u201c broj 53\/16 od 22.07.2016. godine objavljen je<strong>\u00a0Zakon o izmjenama i dopunama Zakona o upravnom postupku Bosne i Hercegovine\u00a0<\/strong>(&#8220;Slu\u017ebeni glasnik BiH&#8221;, br. 29\/02, 12\/04, 88\/07, 93\/09 i 41\/13), gdje je zakonski definiran na\u010din uru\u010denja pismena, \u0161to je stupilo na snagu 31.07.2016. godine.<\/p>\n<p>\u010clankom 2. Zakona o izmjenama i dopunama Zakona o upravnom postupku Bosne i Hercegovine izmjenjen je \u010dlanak 78. stavak 2.\u00a0 i dodat novi stavak 3.\u00a0 Zakona koji\u00a0 glase:<\/p>\n<p>&#8220;(2) Ako je prebivali\u0161te ili mjesto boravka osobe kojoj se ima izvr\u0161iti dostavljanje nepoznato ili ako dostavlja\u010d utvrdi da osoba kojoj se pismeno ima dostaviti ne stanuje na adresi na kojoj se dostava poku\u0161ava obaviti ili ako je utvr\u0111eno da osoba kojoj se ima obaviti dostava ne stanuje na adresi svoga posljednjeg poznatog boravi\u0161ta ili prebivali\u0161ta, a dostavlja\u010d ne mo\u017ee utvrditi njegovo sada\u0161nje boravi\u0161te ili radno mjesto, tijelo koje je izdalo pismeno javno \u0107e pozvati stranku da preuzme pismeno objavom poziva na svojoj oglasnoj plo\u010di i\u00a0<strong>slu\u017ebenoj internetskoj stranici institucije<\/strong>, a kada se radi o pismenu koje se dostavlja sukladno \u010dlanku 76. ovoga Zakona, poziv \u0107e biti objavljen na oglasnoj plo\u010di i slu\u017ebenoj internetskoj stranici institucije.&#8221;<\/p>\n<p>Iza stavka (2) dodaje se novi stavak (3), koji glasi:<\/p>\n<p class=\"btn btn-primary btn-xs added 8046\">&#8220;(3) Dostava se smatra izvr\u0161enom\u00a0<strong>po isteku osam dana<\/strong> od dana objave pismena na oglasnoj plo\u010di i slu\u017ebenoj stranici institucije.&#8221;<\/p>\n<p>[\/et_pb_text][et_pb_code _builder_version=&#8221;4.9.10&#8243; _module_preset=&#8221;default&#8221;]<div class=\"oglasna-ploca\"><ul><li><a href=\"https:\/\/www.uino.gov.ba\/portal\/wp-content\/uploads\/OGLASNA-PLOCA\/RC-SARAJEVO-OGLASNA-PLOCA-16-04-2026.pdf\" target=\"_blank\"><i class=\"fa fa-file-pdf\"><\/i> <span>RC SARAJEVO OGLASNA PLOCA 16 04 2026<\/span><\/a><\/li><li><a href=\"https:\/\/www.uino.gov.ba\/portal\/wp-content\/uploads\/OGLASNA-PLOCA\/eurocar-poziv-na-usmenu-raspravu-up-4342-iz-2025.pdf\" target=\"_blank\"><i class=\"fa fa-file-pdf\"><\/i> <span>eurocar poziv na usmenu raspravu up-4342 iz 2025<\/span><\/a><\/li><li><a href=\"https:\/\/www.uino.gov.ba\/portal\/wp-content\/uploads\/OGLASNA-PLOCA\/Poziv-za-podizanje-poziva-ZUVELA-HB-DOO-STOLAC-1.pdf\" target=\"_blank\"><i class=\"fa fa-file-pdf\"><\/i> <span>Poziv za podizanje poziva \u017dUVELA HB DOO STOLAC<\/span><\/a><\/li><li><a href=\"https:\/\/www.uino.gov.ba\/portal\/wp-content\/uploads\/OGLASNA-PLOCA\/Poziv-za-podizanje-poziva-ZUVELA-HB-DOO-STOLAC.pdf\" target=\"_blank\"><i class=\"fa fa-file-pdf\"><\/i> <span>Poziv za podizanje poziva \u017dUVELA HB DOO STOLAC<\/span><\/a><\/li><li><a href=\"https:\/\/www.uino.gov.ba\/portal\/wp-content\/uploads\/OGLASNA-PLOCA\/POZIV-ZA-MILOS-AUTOMOBILI-DOO-GRADISKA-UP-5095-5097-25.pdf\" target=\"_blank\"><i class=\"fa fa-file-pdf\"><\/i> <span>POZIV ZA MILO\u0160 AUTOMOBILI DOO GRADI\u0160KA UP-5095-5097-25<\/span><\/a><\/li><li><a href=\"https:\/\/www.uino.gov.ba\/portal\/wp-content\/uploads\/OGLASNA-PLOCA\/Poziv-za-preuzimanje-rjesenja-4803-25-Milos-automobili-d.o.o.pdf\" target=\"_blank\"><i class=\"fa fa-file-pdf\"><\/i> <span>Poziv za preuzimanje rje\u0161enja 4803-25 Milo\u0161 automobili d.o.o.<\/span><\/a><\/li><li><a href=\"https:\/\/www.uino.gov.ba\/portal\/wp-content\/uploads\/OGLASNA-PLOCA\/POZIV-ZA-MILOS-AUTOMOBILI-DOO-GRADISKA-UP-6411-25.pdf\" target=\"_blank\"><i class=\"fa fa-file-pdf\"><\/i> <span>POZIV ZA MILO\u0160 AUTOMOBILI DOO GRADI\u0160KA UP-6411-25<\/span><\/a><\/li><li><a href=\"https:\/\/www.uino.gov.ba\/portal\/wp-content\/uploads\/OGLASNA-PLOCA\/Poziv-na-preuzimanje-rjesenja-73-75-do-4908-25-Milos-automobili-d.o.o.pdf\" target=\"_blank\"><i class=\"fa fa-file-pdf\"><\/i> <span>Poziv na preuzimanje rje\u0161enja 73-75 do 4908-25 Milo\u0161 automobili d.o.o.<\/span><\/a><\/li><li><a href=\"https:\/\/www.uino.gov.ba\/portal\/wp-content\/uploads\/OGLASNA-PLOCA\/Poziv-na-usmenu-javnu-raspravu-1230-26-Hakanovic-Mahir.pdf\" target=\"_blank\"><i class=\"fa fa-file-pdf\"><\/i> <span>Poziv na usmenu javnu raspravu 1230-26 Hakanovi\u0107 Mahir<\/span><\/a><\/li><li><a href=\"https:\/\/www.uino.gov.ba\/portal\/wp-content\/uploads\/OGLASNA-PLOCA\/Rjesenje-o-kontroli-VITAL-STROJ-INZINJERING-doo-Trebinje-u-stecaju-15.04.2026.pdf\" target=\"_blank\"><i class=\"fa fa-file-pdf\"><\/i> <span>Rje\u0161enje o kontroli, VITAL - STROJ IN\u017dINJERING doo Trebinje-u ste\u010daju 15.04.2026.<\/span><\/a><\/li><li><a href=\"https:\/\/www.uino.gov.ba\/portal\/wp-content\/uploads\/OGLASNA-PLOCA\/BRN30055CEDFFDF_021589.pdf\" target=\"_blank\"><i class=\"fa fa-file-pdf\"><\/i> <span>BRN30055CEDFFDF_021589<\/span><\/a><\/li><li><a href=\"https:\/\/www.uino.gov.ba\/portal\/wp-content\/uploads\/OGLASNA-PLOCA\/Poziv-Zuvela-HB-d.o.o.-Stolac-od-13.04.2026.pdf\" target=\"_blank\"><i class=\"fa fa-file-pdf\"><\/i> <span>Poziv \u017duvela HB d.o.o. Stolac od 13.04.2026<\/span><\/a><\/li><li><a href=\"https:\/\/www.uino.gov.ba\/portal\/wp-content\/uploads\/OGLASNA-PLOCA\/typing-d.o.o.-Gradiska-rjesenje-314-319-494-496-1042-1046-iz-2026-godine.pdf\" target=\"_blank\"><i class=\"fa fa-file-pdf\"><\/i> <span>typing d.o.o. Gradi\u0161ka, rje\u0161enje 314-319, 494-496, 1042-1046 iz 2026 godine<\/span><\/a><\/li><li><a href=\"https:\/\/www.uino.gov.ba\/portal\/wp-content\/uploads\/OGLASNA-PLOCA\/NEVENA-STANIC-NOVO-SARAJEVO-rjesenje-2469-iz-2025.pdf\" target=\"_blank\"><i class=\"fa fa-file-pdf\"><\/i> <span>NEVENA STANI\u0106 NOVO SARAJEVO, rje\u0161enje 2469 iz 2025<\/span><\/a><\/li><li><a href=\"https:\/\/www.uino.gov.ba\/portal\/wp-content\/uploads\/OGLASNA-PLOCA\/Obavjestenje-neuruceni-nalozi-prinudne-naplate-po-prekrsajima-RC-BL-14.04.2026.pdf\" target=\"_blank\"><i class=\"fa fa-file-pdf\"><\/i> <span>Obavje\u0161tenje-neuru\u010deni nalozi prinudne naplate po prekr\u0161ajima RC BL 14.04.2026.<\/span><\/a><\/li><li><a href=\"https:\/\/www.uino.gov.ba\/portal\/wp-content\/uploads\/OGLASNA-PLOCA\/5106-25-i-5107-25-TYPING.pdf\" target=\"_blank\"><i class=\"fa fa-file-pdf\"><\/i> <span>5106-25 i 5107-25 TYPING<\/span><\/a><\/li><li><a href=\"https:\/\/www.uino.gov.ba\/portal\/wp-content\/uploads\/OGLASNA-PLOCA\/FINOVA-391-25-i-1656-25-i-1657-25.pdf\" target=\"_blank\"><i class=\"fa fa-file-pdf\"><\/i> <span>FINOVA 391-25 i 1656-25 i 1657-25<\/span><\/a><\/li><li><a href=\"https:\/\/www.uino.gov.ba\/portal\/wp-content\/uploads\/OGLASNA-PLOCA\/Poziv-za-podizanje-rjesenja-ZUVELA-HB-doo-Stolac.pdf\" target=\"_blank\"><i class=\"fa fa-file-pdf\"><\/i> <span>Poziv za podizanje rje\u0161enja \u017dUVELA HB doo Stolac<\/span><\/a><\/li><li><a href=\"https:\/\/www.uino.gov.ba\/portal\/wp-content\/uploads\/OGLASNA-PLOCA\/DEMIROVIC-MAIDA-53-26-I-52-26.pdf\" target=\"_blank\"><i class=\"fa fa-file-pdf\"><\/i> <span>DEMIROVI\u0106 MAIDA 53-26 I 52-26<\/span><\/a><\/li><li><a href=\"https:\/\/www.uino.gov.ba\/portal\/wp-content\/uploads\/OGLASNA-PLOCA\/TYPING-OBJAVA-2.pdf\" target=\"_blank\"><i class=\"fa fa-file-pdf\"><\/i> <span>TYPING OBJAVA 2<\/span><\/a><\/li><li><a href=\"https:\/\/www.uino.gov.ba\/portal\/wp-content\/uploads\/OGLASNA-PLOCA\/TYPING-OBJAVA-1.pdf\" target=\"_blank\"><i class=\"fa fa-file-pdf\"><\/i> <span>TYPING OBJAVA 1<\/span><\/a><\/li><li><a href=\"https:\/\/www.uino.gov.ba\/portal\/wp-content\/uploads\/OGLASNA-PLOCA\/PRO-CAR-OBJAVA.pdf\" target=\"_blank\"><i class=\"fa fa-file-pdf\"><\/i> <span>PRO CAR OBJAVA<\/span><\/a><\/li><li><a href=\"https:\/\/www.uino.gov.ba\/portal\/wp-content\/uploads\/OGLASNA-PLOCA\/MILOS-AUTOMOBILI-OBJAVA.pdf\" target=\"_blank\"><i class=\"fa fa-file-pdf\"><\/i> <span>MILO\u0160 AUTOMOBILI OBJAVA<\/span><\/a><\/li><li><a href=\"https:\/\/www.uino.gov.ba\/portal\/wp-content\/uploads\/OGLASNA-PLOCA\/Oglasna-ploca-RC-Tuzla-13-04-26.pdf\" target=\"_blank\"><i class=\"fa fa-file-pdf\"><\/i> <span>Oglasna plo\u010da RC Tuzla 13-04-26<\/span><\/a><\/li><li><a href=\"https:\/\/www.uino.gov.ba\/portal\/wp-content\/uploads\/OGLASNA-PLOCA\/POZIV-ESTRICTO-Gradiska-IMH-21659-25-da-preuzme-obavjestenje-o-podnesenoj-naknadnoj-naplati.pdf\" target=\"_blank\"><i class=\"fa fa-file-pdf\"><\/i> <span>POZIV ESTRICTO Gradi\u0161ka IMH 21659 25 da preuzme obavje\u0161tenje o podnesenoj naknadnoj naplati<\/span><\/a><\/li><li><a href=\"https:\/\/www.uino.gov.ba\/portal\/wp-content\/uploads\/OGLASNA-PLOCA\/POZIV-ESTRICTO-Gradiska-da-preuzume-obrazacVI-IMH-32968-25.pdf\" target=\"_blank\"><i class=\"fa fa-file-pdf\"><\/i> <span>POZIV ESTRICTO Gradi\u0161ka da preuzume obrazacVI IMH 32968 25<\/span><\/a><\/li><li><a href=\"https:\/\/www.uino.gov.ba\/portal\/wp-content\/uploads\/OGLASNA-PLOCA\/RC-Tuzla-oglasna-ploca-9.4.2026.pdf\" target=\"_blank\"><i class=\"fa fa-file-pdf\"><\/i> <span>RC Tuzla - oglasna plo\u010da 9.4.2026<\/span><\/a><\/li><li><a href=\"https:\/\/www.uino.gov.ba\/portal\/wp-content\/uploads\/OGLASNA-PLOCA\/RC-SARAJEVO-OGLASNA-PLOCA-08-04-2026.pdf\" target=\"_blank\"><i class=\"fa fa-file-pdf\"><\/i> <span>RC SARAJEVO OGLASNA PLOCA 08 04 2026<\/span><\/a><\/li><\/ul><\/div>[\/et_pb_code][\/et_pb_column][\/et_pb_row][\/et_pb_section]<\/p>\n","protected":false},"excerpt":{"rendered":"<p>Na ovom mjestu mogu se prona\u0107i svi akti koje je Uprava za neizravno oporezivanje poku\u0161ala pisanim putem uru\u010diti i gdje dostava nije bila mogu\u0107a. U\u00a0 \u201eSlu\u017ebenom glasniku BiH\u201c broj 53\/16 od 22.07.2016. godine objavljen je\u00a0Zakon o izmjenama i dopunama Zakona o upravnom postupku Bosne i Hercegovine\u00a0(&#8220;Slu\u017ebeni glasnik BiH&#8221;, br. 29\/02, 12\/04, 88\/07, 93\/09 i 41\/13), [&hellip;]<\/p>\n","protected":false},"author":2,"featured_media":0,"parent":0,"menu_order":0,"comment_status":"closed","ping_status":"closed","template":"","meta":{"_acf_changed":false,"_et_pb_use_builder":"on","_et_pb_old_content":"","_et_gb_content_width":"","footnotes":""},"categories":[],"tags":[],"class_list":["post-1561","page","type-page","status-publish","hentry"],"acf":[],"yoast_head":"<!-- This site is optimized with the Yoast SEO plugin v27.4 - https:\/\/yoast.com\/product\/yoast-seo-wordpress\/ -->\n<title>Oglasna plo\u010da - Uprava za indirektno \/ neizravno oporezivanje BiH<\/title>\n<meta name=\"robots\" content=\"index, follow, max-snippet:-1, max-image-preview:large, max-video-preview:-1\" \/>\n<link rel=\"canonical\" href=\"https:\/\/www.uino.gov.ba\/portal\/hr\/oglasna-ploca-2\/\" \/>\n<meta property=\"og:locale\" content=\"en_US\" \/>\n<meta property=\"og:type\" content=\"article\" \/>\n<meta property=\"og:title\" content=\"Oglasna plo\u010da - Uprava za indirektno \/ neizravno oporezivanje BiH\" \/>\n<meta property=\"og:description\" content=\"Na ovom mjestu mogu se prona\u0107i svi akti koje je Uprava za neizravno oporezivanje poku\u0161ala pisanim putem uru\u010diti i gdje dostava nije bila mogu\u0107a. U\u00a0 \u201eSlu\u017ebenom glasniku BiH\u201c broj 53\/16 od 22.07.2016. godine objavljen je\u00a0Zakon o izmjenama i dopunama Zakona o upravnom postupku Bosne i Hercegovine\u00a0(&quot;Slu\u017ebeni glasnik BiH&quot;, br. 29\/02, 12\/04, 88\/07, 93\/09 i 41\/13), [&hellip;]\" \/>\n<meta property=\"og:url\" content=\"https:\/\/www.uino.gov.ba\/portal\/hr\/oglasna-ploca-2\/\" \/>\n<meta property=\"og:site_name\" content=\"Uprava za indirektno \/ neizravno oporezivanje BiH\" \/>\n<meta property=\"article:modified_time\" content=\"2022-01-28T08:18:28+00:00\" \/>\n<meta name=\"twitter:card\" content=\"summary_large_image\" \/>\n<meta name=\"twitter:label1\" content=\"Est. reading time\" \/>\n\t<meta name=\"twitter:data1\" content=\"2 minutes\" \/>\n<script type=\"application\/ld+json\" class=\"yoast-schema-graph\">{\"@context\":\"https:\\\/\\\/schema.org\",\"@graph\":[{\"@type\":\"WebPage\",\"@id\":\"https:\\\/\\\/www.uino.gov.ba\\\/portal\\\/hr\\\/oglasna-ploca-2\\\/\",\"url\":\"https:\\\/\\\/www.uino.gov.ba\\\/portal\\\/hr\\\/oglasna-ploca-2\\\/\",\"name\":\"Oglasna plo\u010da - Uprava za indirektno \\\/ neizravno oporezivanje BiH\",\"isPartOf\":{\"@id\":\"https:\\\/\\\/www.uino.gov.ba\\\/portal\\\/#website\"},\"datePublished\":\"2021-06-01T09:02:45+00:00\",\"dateModified\":\"2022-01-28T08:18:28+00:00\",\"breadcrumb\":{\"@id\":\"https:\\\/\\\/www.uino.gov.ba\\\/portal\\\/hr\\\/oglasna-ploca-2\\\/#breadcrumb\"},\"inLanguage\":\"en-US\",\"potentialAction\":[{\"@type\":\"ReadAction\",\"target\":[\"https:\\\/\\\/www.uino.gov.ba\\\/portal\\\/hr\\\/oglasna-ploca-2\\\/\"]}]},{\"@type\":\"BreadcrumbList\",\"@id\":\"https:\\\/\\\/www.uino.gov.ba\\\/portal\\\/hr\\\/oglasna-ploca-2\\\/#breadcrumb\",\"itemListElement\":[{\"@type\":\"ListItem\",\"position\":1,\"name\":\"\",\"item\":\"https:\\\/\\\/www.uino.gov.ba\\\/portal\\\/bs\\\/\"},{\"@type\":\"ListItem\",\"position\":2,\"name\":\"Oglasna plo\u010da\"}]},{\"@type\":\"WebSite\",\"@id\":\"https:\\\/\\\/www.uino.gov.ba\\\/portal\\\/#website\",\"url\":\"https:\\\/\\\/www.uino.gov.ba\\\/portal\\\/\",\"name\":\"Uprava za indirektno \\\/ neizravno oporezivanje BiH\",\"description\":\"\",\"potentialAction\":[{\"@type\":\"SearchAction\",\"target\":{\"@type\":\"EntryPoint\",\"urlTemplate\":\"https:\\\/\\\/www.uino.gov.ba\\\/portal\\\/?s={search_term_string}\"},\"query-input\":{\"@type\":\"PropertyValueSpecification\",\"valueRequired\":true,\"valueName\":\"search_term_string\"}}],\"inLanguage\":\"en-US\"}]}<\/script>\n<!-- \/ Yoast SEO plugin. -->","yoast_head_json":{"title":"Oglasna plo\u010da - Uprava za indirektno \/ neizravno oporezivanje BiH","robots":{"index":"index","follow":"follow","max-snippet":"max-snippet:-1","max-image-preview":"max-image-preview:large","max-video-preview":"max-video-preview:-1"},"canonical":"https:\/\/www.uino.gov.ba\/portal\/hr\/oglasna-ploca-2\/","og_locale":"en_US","og_type":"article","og_title":"Oglasna plo\u010da - Uprava za indirektno \/ neizravno oporezivanje BiH","og_description":"Na ovom mjestu mogu se prona\u0107i svi akti koje je Uprava za neizravno oporezivanje poku\u0161ala pisanim putem uru\u010diti i gdje dostava nije bila mogu\u0107a. U\u00a0 \u201eSlu\u017ebenom glasniku BiH\u201c broj 53\/16 od 22.07.2016. godine objavljen je\u00a0Zakon o izmjenama i dopunama Zakona o upravnom postupku Bosne i Hercegovine\u00a0(\"Slu\u017ebeni glasnik BiH\", br. 29\/02, 12\/04, 88\/07, 93\/09 i 41\/13), [&hellip;]","og_url":"https:\/\/www.uino.gov.ba\/portal\/hr\/oglasna-ploca-2\/","og_site_name":"Uprava za indirektno \/ neizravno oporezivanje BiH","article_modified_time":"2022-01-28T08:18:28+00:00","twitter_card":"summary_large_image","twitter_misc":{"Est. reading time":"2 minutes"},"schema":{"@context":"https:\/\/schema.org","@graph":[{"@type":"WebPage","@id":"https:\/\/www.uino.gov.ba\/portal\/hr\/oglasna-ploca-2\/","url":"https:\/\/www.uino.gov.ba\/portal\/hr\/oglasna-ploca-2\/","name":"Oglasna plo\u010da - Uprava za indirektno \/ neizravno oporezivanje BiH","isPartOf":{"@id":"https:\/\/www.uino.gov.ba\/portal\/#website"},"datePublished":"2021-06-01T09:02:45+00:00","dateModified":"2022-01-28T08:18:28+00:00","breadcrumb":{"@id":"https:\/\/www.uino.gov.ba\/portal\/hr\/oglasna-ploca-2\/#breadcrumb"},"inLanguage":"en-US","potentialAction":[{"@type":"ReadAction","target":["https:\/\/www.uino.gov.ba\/portal\/hr\/oglasna-ploca-2\/"]}]},{"@type":"BreadcrumbList","@id":"https:\/\/www.uino.gov.ba\/portal\/hr\/oglasna-ploca-2\/#breadcrumb","itemListElement":[{"@type":"ListItem","position":1,"name":"","item":"https:\/\/www.uino.gov.ba\/portal\/bs\/"},{"@type":"ListItem","position":2,"name":"Oglasna plo\u010da"}]},{"@type":"WebSite","@id":"https:\/\/www.uino.gov.ba\/portal\/#website","url":"https:\/\/www.uino.gov.ba\/portal\/","name":"Uprava za indirektno \/ neizravno oporezivanje BiH","description":"","potentialAction":[{"@type":"SearchAction","target":{"@type":"EntryPoint","urlTemplate":"https:\/\/www.uino.gov.ba\/portal\/?s={search_term_string}"},"query-input":{"@type":"PropertyValueSpecification","valueRequired":true,"valueName":"search_term_string"}}],"inLanguage":"en-US"}]}},"publishpress_future_action":{"enabled":false,"date":"2026-04-24 11:09:27","action":"change-status","newStatus":"draft","terms":[],"taxonomy":"category","extraData":[]},"publishpress_future_workflow_manual_trigger":{"enabledWorkflows":[]},"_links":{"self":[{"href":"https:\/\/www.uino.gov.ba\/portal\/wp-json\/wp\/v2\/pages\/1561","targetHints":{"allow":["GET"]}}],"collection":[{"href":"https:\/\/www.uino.gov.ba\/portal\/wp-json\/wp\/v2\/pages"}],"about":[{"href":"https:\/\/www.uino.gov.ba\/portal\/wp-json\/wp\/v2\/types\/page"}],"author":[{"embeddable":true,"href":"https:\/\/www.uino.gov.ba\/portal\/wp-json\/wp\/v2\/users\/2"}],"replies":[{"embeddable":true,"href":"https:\/\/www.uino.gov.ba\/portal\/wp-json\/wp\/v2\/comments?post=1561"}],"version-history":[{"count":9,"href":"https:\/\/www.uino.gov.ba\/portal\/wp-json\/wp\/v2\/pages\/1561\/revisions"}],"predecessor-version":[{"id":48550,"href":"https:\/\/www.uino.gov.ba\/portal\/wp-json\/wp\/v2\/pages\/1561\/revisions\/48550"}],"wp:attachment":[{"href":"https:\/\/www.uino.gov.ba\/portal\/wp-json\/wp\/v2\/media?parent=1561"}],"wp:term":[{"taxonomy":"category","embeddable":true,"href":"https:\/\/www.uino.gov.ba\/portal\/wp-json\/wp\/v2\/categories?post=1561"},{"taxonomy":"post_tag","embeddable":true,"href":"https:\/\/www.uino.gov.ba\/portal\/wp-json\/wp\/v2\/tags?post=1561"}],"curies":[{"name":"wp","href":"https:\/\/api.w.org\/{rel}","templated":true}]}}